 27621926 a composite number?
True
Is 3980393 a composite number?
True
Is 1936859 a prime number?
True
Is 1769681 composite?
True
Is 266335 a composite number?
True
Is 191582827 prime?
False
Is 25107779 composite?
False
Is 27142309 a prime number?
True
Is 67088057 prime?
False
Is 403007141 a composite number?
True
Is 337612279 a prime number?
False
Is 3198691 composite?
True
Is 31677247 prime?
False
Is 7127689 prime?
True
Is 131989163 a composite number?
False
Is 53129759 a prime number?
True
Is 106146167 prime?
True
Is 1541317 prime?
True
Is 238501 composite?
True
Is 37860067 prime?
False
Is 1742339 composite?
False
Is 48935857 composite?
False
Is 2101471 composite?
False
Is 48404569 a composite number?
False
Is 16523033 composite?
False
Is 1252787 composite?
True
Is 146016739 prime?
False
Is 929609 prime?
True
Is 212021939 a composite number?
False
Is 74235787 a prime number?
False
Is 266756137 a prime number?
True
Is 270631921 composite?
True
Is 2857297 a composite number?
False
Is 846860471 composite?
True
Is 2780521 prime?
True
Is 10411679 composite?
False
Is 36043193 composite?
True
Is 201782821 composite?
False
Is 5099881 a composite number?
True
Is 71669645 a prime number?
False
Is 24253 prime?
False
Is 171341207 prime?
True
Is 73476011 composite?
True
Is 3132257 a prime number?
True
Is 9919883 composite?
False
Is 849544495 composite?
True
Is 7879447 a composite number?
False
Is 2416087 a prime number?
False
Is 15694013 composite?
True
Is 8637847 prime?
True
Is 232060541 prime?
True
Is 22527481 composite?
True
Is 355974599 a prime number?
False
Is 75760237 prime?
False
Is 15646621 a composite number?
False
Is 10080259 a prime number?
False
Is 3102207 a composite number?
True
Is 88028111 a prime number?
True
Is 49324871 composite?
True
Is 2323789 a prime number?
False
Is 52465533 a composite number?
True
Is 144012101 a prime number?
True
Is 1460915233 prime?
False
Is 3542881 composite?
True
Is 1519787222 a composite number?
True
Is 13826639 prime?
True
Is 39171071 composite?
False
Is 69640927 a prime number?
True
Is 76569389 a composite number?
True
Is 5784901 prime?
False
Is 51753707 a composite number?
True
Is 1036729 prime?
True
Is 8302859 prime?
False
Is 20468885 a composite number?
True
Is 3508111 a prime number?
True
Is 1543169 a prime number?
True
Is 146073811 a composite number?
True
Is 133141109 a prime number?
False
Is 3129837 a prime number?
False
Is 7586569 prime?
False
Is 282419747 a composite number?
False
Is 16526387 a composite number?
True
Is 172067407 a prime number?
False
Is 535273 a composite number?
False
Is 113147455 a composite number?
True
Is 23331037 a prime number?
False
Is 288179 a composite number?
False
Is 655609 a prime number?
False
Is 6701287 a composite number?
False
Is 202908395 prime?
False
Is 10989581 a prime number?
False
Is 3310037 prime?
False
Is 689289 composite?
True
Is 222721 a composite number?
True
Is 6729119 a prime number?
False
Is 19200182 composite?
True
Is 2482607 prime?
True
Is 27712877 a prime number?
True
Is 75210361 a composite number?
True
Is 208008709 composite?
True
Is 53575213 a composite number?
False
Is 5105377 a prime number?
True
Is 1219731911 composite?
False
Is 110108654 prime?
False
Is 602381 a composite number?
True
Is 20130871 composite?
True
Is 3195469 a composite number?
True
Is 9590467 prime?
False
Is 507719 composite?
False
Is 8224693 a prime number?
False
Is 169162255 a composite number?
True
Is 1289401 prime?
True
Is 4617073 a prime number?
True
Is 17509429 a prime number?
False
Is 675859 prime?
True
Is 1344731 a prime number?
False
Is 310308983 prime?
True
Is 1017971 a prime number?
False
Is 2696047 a prime number?
False
Is 32832617 a composite number?
True
Is 58757597 prime?
True
Is 13479601 composite?
False
Is 8717977 a composite number?
True
Is 18101189 composite?
True
Is 258871 composite?
False
Is 286927 prime?
True
Is 539019331 a composite number?
False
Is 111554327 prime?
True
Is 15672781 prime?
False
Is 196361 a composite number?
True
Is 36784933 a composite number?
True
Is 17154899 a prime number?
False
Is 2655233 composite?
True
Is 222576043 a composite number?
False
Is 7379677 prime?
True
Is 2811491 a composite number?
True
Is 23440577 prime?
True
Is 399179893 composite?
True
Is 4116257 prime?
True
Is 1590107 prime?
True
Is 46792709 prime?
False
Is 29468017 prime?
True
Is 40711799 a composite number?
False
Is 60082067 a prime number?
True
Is 24499939 prime?
False
Is 69806563 prime?
False
Is 261134887 a composite number?
True
Is 2431027 prime?
False
Is 31307813 a prime number?
True
Is 14989097 composite?
False
Is 5676061 a composite number?
True
Is 464701441 prime?
True
Is 114738989 a composite number?
True
Is 268349 prime?
False
Is 1479072163 prime?
True
Is 15445957 composite?
True
Is 27926419 a prime number?
False
Is 44065441 prime?
False
Is 157727957 a prime number?
True
Is 509203 a prime number?
True
Is 229925797 a composite number?
True
Is 2955371 a composite number?
False
Is 99755821 composite?
True
Is 60393173 a prime number?
True
Is 38333117 a composite number?
False
Is 36271783 a composite number?
False
Is 77494301 composite?
False
Is 42024677 a prime number?
True
Is 37906391 a prime number?
False
Is 28386173 composite?
True
Is 432046 a composite number?
True
Is 3551077 composite?
False
Is 7132313 a prime number?
False
Is 22614061 prime?
True
Is 227912869 a prime number?
True
Is 231282797 a prime number?
False
Is 471587 prime?
False
Is 20418221 prime?
False
Is 113602369 composite?
True
Is 10150509 a prime number?
False
Is 651251 composite?
False
Is 116799611 a composite number?
True
Is 110751701 a prime number?
False
Is 13885559 a prime number?
True
Is 69383689 prime?
False
Is 28319657 a composite number?
True
Is 1901177 prime?
True
Is 14998979 composite?
False
Is 5441573 a prime number?
True
Is 15324623 prime?
False
Is 8921471 prime?
False
Is 23125343 a prime number?
True
Is 3295321 prime?
True
Is 7175549 a prime number?
True
Is 3812691 a composite number?
True
Is 476589793 a prime number?
True
Is 73865107 a composite number?
False
Is 11999699 a composite number?
False
Is 16651967 composite?
True
Is 16812529 a prime number?
True
Is 1478900405 prime?
False
Is 69165307 prime?
False
Is 38692183 prime?
False
Is 131996129 composite?
True
Is 26355587 composite?
False
Is 6067151 composite?
True
Is 1347258349 a composite number?
False
Is 1012847 prime?
False
Is 93351577 a prime number?
False
Is 2375011 a prime number?
True
Is 589414291 composite?
True
Is 6200437 a prime number?
False
Is 58708957 a composite number?
True
Is 305077 prime?
False
Is 173465473 a composite number?
False
Is 10421669 a prime number?
True
Is 4969891 a composite number?
True
Is 4250639 composite?
False
Is 5074109 composite?
True
Is 7161223 prime?
True
Is 6314543 composite?
False
Is 508709 prime?
True
Is 4653793 composite?
False
Is 111013381 a composite number?
False
Is 3119647 prime?
True
Is 5663759 a composite number?
False
Is 10671091 composite?
False
Is 30717983 a prime number?
True
Is 1003231799 a prime number?
True
Is 193351979 a prime number?
True
Is 316247743 composite?
True
Is 182407466 composite?
True
Is 4209311 composite?
False
Is 1099369 a prime number?
True
Is 1815217 composite?
False
Is 82228403 a composite number?
True
Is 662213 a composite number?
True
Is 104108603 composite?
True
Is 169503 a composite number?
True
Is 5156719 a composite number?
False
Is 18209063 prime?
True
Is 11262487 a composite number?
True
Is 34808557 composite?
True
Is 918551 a composite number?
True
Is 28724459 a composite number?
False
Is 84247469 a prime number?
True
Is 9991057 prime?
True
Is 11512843 a composite number?
False
Is 2321751423 composite?
True
Is 20933546 a composite number?
True
Is 6673789 a prime number?
True
Is 352816699 a composite number?
False
Is 3084262 a composite number?
True
Is 73577173 prime?
False
Is 2466869 a prime number?
True
Is 1087717 prime?
True
Is 624569 prime?
False
Is 982369 a prime number?
False
Is 189216631 a composite number?
True
Is 259602391 a composite number?
True
Is 590483 a prime number?
False
Is 83633597 a prime number?
True
Is 835231 composite?
True
Is 504761 composite?
True
Is 71633537 a prime number?
True
Is 10237597 composite?
True
Is 319